45*n + 104. What is the units digit of a(74)?
4
Let z(j) = -57*j - 725. Let u be z(-17). Suppose -5*q + 2*x + 359 = 0, -2*x = 2*q - 7*x - 131. Let f = u - q. What is the units digit of f?
1
Suppose -4 = 2*o + 2*c - 6, 3*c = -15. Let h be -3 + (2/o - 308/6). Let g = 86 + h. What is the units digit of g?
2
What is the units digit of 2 + 2 + (4*(-9)/(-18) - -33993)?
9
Let u(s) = -s**3 + 17*s**2 + 38*s. Let x be u(19). Suppose x + 27 = 9*t. Suppose -1021 = -4*p - 5*y, 3*p - 758 = y + t*y. What is the units digit of p?
4
Let y(m) be the second derivative of m**5/20 - 2*m**4/3 + 5*m**3/2 + 5*m**2 + 27*m. Let o be y(5). What is the tens digit of 98 + -1 + 1 + -10 + o?
9
Let t = -114 - -141. Let g be (-202)/(((-9)/t)/(4/(-6))). Let z = 656 + g. What is the units digit of z?
2
Suppose 0 = 3*b - k - 26, 2*b + 0*k - 3*k - 29 = 0. Let o = 472 + b. Suppose 8*d - 185 = o. What is the units digit of d?
3
Let g(x) = -21*x + 9996. What is the ten thousands digit of g(-31)?
1
Let d(a) = -3*a**3 - a + 2. Suppose -4*z = 4 - 8. Let q be d(z). What is the units digit of 20 - (-4 + 3)*q?
8
Let w(k) = -881*k**3 - k**2. Let i be w(-1). Let s = 1312 - i. Suppose 3*l = -4*n + 111 + s, -5*n = 2*l - 369. What is the units digit of l?
7
Let n = -26 + 105. Suppose 5*c - 316 - n = 0. Let w = c + 37. What is the tens digit of w?
1
Let v(j) = -j**2 + 25*j + 56. Let w be v(27). What is the thousands digit of 1587 - (w/(-16))/(9/(-72))?
1
Let t = 432 - 355. What is the tens digit of (-23628)/t*(-35)/10?
7
Suppose 19*w - 3*b - 26891 = 18*w, 2*w - 2*b = 53754. What is the hundreds digit of w?
8
Let i = 3 + -1. Suppose -3*f + 3*n + 12 = 0, 2 = 2*f - 23*n + 24*n. Suppose -4*p - p + 67 = f*a, 3*a = -i*p + 95. What is the units digit of a?
1
Let d(x) = -x**3 - 14*x**2 - 10*x - 31. Let i be d(-13). What is the tens digit of (-2)/10 + (-96194)/i - 0?
7
Suppose -3*m = 6, 0*k - 22 = -4*k + m. Suppose -2*s = 3*u - 2015, k*u + 5*s = 2028 + 1332. What is the units digit of u?
1
Let w = 54 - 42. Let o(n) = 6*n**2 + w*n**2 - 3*n - 9 - 3*n. What is the tens digit of o(-2)?
7
Let c = 17946 + -12449. What is the hundreds digit of c?
4
Let v(a) = 1249*a + 1802. What is the units digit of v(14)?
8
Let f = -33 + 61. Suppose -6*c + 2 = -f. Suppose -c*x = 8*x - 39. What is the units digit of x?
3
Suppose -2412 = -4*g - x, g + 4*x = -95 + 683. What is the units digit of g?
4
Let r(k) = -k**2 - 13*k + 4. Let y be r(-13). Suppose t - 143 = -y*p, 2*t = 4*p - 0*t - 146. Let x = p - -55. What is the units digit of x?
1
Suppose -5*b + 3*o + 25 = o, 0 = -5*o. Suppose 0 = b*a - 3069 - 41. What is the units digit of a?
2
Suppose -3*f - g = 4*g - 8883, -2*f - 5*g + 5927 = 0. Suppose 4*q - 3950 = -u, -4*u = 8*q - 5*q - f. What is the hundreds digit of q?
9
Suppose -12311*i + 12266*i = -100890. What is the hundreds digit of i?
2
Let l(w) be the second derivative of w**5/20 + 19*w**4/12 - 10*w**3/3 - 23*w**2 + 131*w. What is the units digit of l(-17)?
2
Let u(a) = a**3 - a**2 - a. Let o be u(0). Suppose o = -3*y + 67 + 332. Suppose -2*b - y = -3*b. What is the units digit of b?
3
Suppose 248502 = -2*w + 7*w + m, -2*w - m + 99396 = 0. What is the ten thousands digit of w?
4
Let u = 28021 + 6165. What is the tens digit of u?
8
Let v be 9/12 + 18/(-24). Suppose v = 2*x - 1483 - 537. What is the units digit of x?
0
Let x(p) = -p**2 - 4*p - 412. Let a be x(0). Let y be (-18 + 9)*548/6. What is the tens digit of ((-3)/6)/(-2 + y/a)?
0
What is the thousands digit of 98984/7 + 267/623?
4
Let g(f) = -f**2 + 19*f + 70. Let q be g(22). Suppose 2*c - 59 = 2*t + 3*t, q*t + 99 = 3*c. What is the tens digit of c?
3
Let f(i) = 2 + 36*i - 8*i + 50. What is the units digit of f(22)?
8
Let g = 26925 + 1866. What is the thousands digit of g?
8
Suppose 2*t + q - 27 = 6*q, -q = -5*t + 33. Suppose -d - 69 = -5*a, -d - 57 = -4*a - 2*d. What is the tens digit of 358/a + t/14?
2
Let l = 87 + -83. Suppose -2*u = 2*t - 20, -t - 44 = -3*t + l*u. Suppose 6 = 2*w, 4*n - w = t + 343. What is the tens digit of n?
9
Let b(j) = j**3 + j + 5. Let c be b(0). Suppose -c + 9 = -v, -3*g + 2*v + 3752 = 0. What is the hundreds digit of g?
2
Let v be 3/(-5 - 7) - (-1)/4. Let q be (v + -3)/((-3 - -3) + -1). What is the units digit of 78 - (q - 6 - -4)?
7
Suppose -9 = -3*g + 12. Suppose g = -5*v + 27. Let d = 22 - v. What is the tens digit of d?
1
Suppose -13*k - 8 = -15*k. Suppose -4*b + 816 = k*m, -2*m - 2*b = 3*b - 402. What is the hundreds digit of m?
2
Let n(m) = 115*m**2 - 20*m - 207. What is the ten thousands digit of n(-10)?
1
Let y(l) = l**3 + 89*l**2 + 368*l - 244. What is the tens digit of y(-81)?
3
Let y(u) = 4*u - 45. Let b be y(12). Suppose -2*i = -b*t + 226, t + 3*i = -i + 94. What is the units digit of t?
8
Suppose 0 = -20*m + 10*m + 50. Suppose -4*a - 29 = -m*t, a - 5*a - 2*t = -6. What is the units digit of a/((-4)/((-144)/(-4)))?
9
Suppose -2181905 - 1211463 = -89*n - 327585. What is the hundreds digit of n?
4
Let o(g) = -24*g**2 - 22*g - 87. Let p(b) = 11*b**2 + 11*b + 43. Let u(v) = -6*o(v) - 13*p(v). Let m be u(14). What is the units digit of -4*(-695)/100*m?
9
Let d(w) = -2*w**3 - 9*w**2 + 8*w + 17. Let q be d(-9). Let i = 1022 - q. What is the hundreds digit of i?
3
Let z = 3466 + -264. What is the hundreds digit of z?
2
Let r = 107 - 106. Let q be (4 - -10)*r*1/(-2). What is the hundreds digit of q/(28/(-8)) - -141?
1
Suppose 0 = -3*k + 5*k - 2. Let h be -44 + (-1 - -3)/(-2)*k. What is the tens digit of (-2)/(-3) + 3/(h/(-1610))?
0
Suppose 104*t - 102*t = 2166. Suppose 10*y = t - 273. What is the tens digit of y?
8
Let o be ((-16)/((-2)/1))/((-2)/(-11)). Suppose j = o + 286. What is the tens digit of j?
3
What is the thousands digit of (-2)/12 + 40/(8880/8202493)?
6
Let d = -80 + 85. Let k(j) = -j**3 + 4*j**2 + 6*j + 6. Let i be k(d). Let u(o) = o**2 - 6*o - 24. What is the units digit of u(i)?
1
Let n(z) = -560*z + 1622. What is the ten thousands digit of n(-53)?
3
Let k(n) be the first derivative of -n**4/4 - 8*n**3/3 - n**2/2 + 9*n - 55. What is the units digit of k(-8)?
7
Suppose -v - 2*f + 468 = -870, 2*f + 6642 = 5*v. Let y = 1880 - v. What is the tens digit of y?
5
Let b(d) = d**2 + 9*d + 14. Let q be b(-4). Let c be 532/91 - q/39. Suppose -c*s - 132 = -9*s. What is the tens digit of s?
4
Let d = 1756 - 1022. What is the hundreds digit of d - 30/(-5) - 4?
7
Let z(u) = -763*u - 116. What is the tens digit of z(-5)?
9
Let t(l) = -31*l - 9. Let p be t(-10). Suppose -15*z + p = -1769. What is the hundreds digit of z?
1
Suppose -227 = -3*n + 5*f, -299 = -4*n + 3*f - 0*f. Let b = n - 81. Let o(k) = 3*k**2 + 9*k + 39. What is the units digit of o(b)?
3
What is the thousands digit of 2026/1 + 274/685 + (-74)/10?
2
Let a(b) = 20*b + 11. Let d be a(7). Suppose 0 = 21*s - 30*s + 2088. Let p = s - d. What is the units digit of p?
1
Suppose 6*k + 18 = -12*k. Let s be 1/(-4) - (-44)/(-16). What is the tens digit of s*k/12 + (-127)/(-4)?
3
What is the ten thousands digit of -16197*(-22 - 477/(-27))?
7
Let q(b) be the third derivative of b**5/15 - b**3 - 13*b**2. Let o be q(6). Let f = -98 + o. What is the tens digit of f?
4
Suppose 2*q = -q + 4188 + 42183. What is the hundreds digit of q?
4
Let p(s) = -s + 7. Let r be p(4). Suppose r*q - 4 - 8 = 5*y, q = 3*y + 4. What is the tens digit of 356/36 - q/(-36)?
1
Let d(a) = -3*a**3 + 1. Let b be 2/1 + (0/(-6) - 3). Let x be d(b). Suppose q + 157 - 32 = 3*y, 0 = -2*q - x. What is the units digit of y?
1
What is the tens digit of 4/1 + (-2 + -8694)/(-8)?
9
What is the thousands digit of ((-16353)/15)/((168/588)/((-20)/7))?
0
Let h = 9021 - -332. What is the hundreds digit of h?
3
Suppose 5*f - 2*y = 35966, 563*f - 568*f = -5*y - 35960. What is the thousands digit of f?
7
Let s(b) = -20*b**3 - 12*b**2 - 88*b - 316. What is the thousands digit of s(-12)?
3
Suppose 1238*o = -5*d + 1234*o + 170854, -6 = -o. What is the thousands digit of d?
4
Let w be (-12 - -13)/((1/(-1))/(-4)). Suppose 5*j + l = -l + 18, -w*j - 2*l = -16. What is the units digit of (5/(-5) - (-3 + 1))*j?
2
Suppose 7*c + 27*c = 124263 + 274081. What is the hundreds digit of c?
7
What is the ten thousands digit of (-1190203)/(-49) - (-15)/(210/16)?
2
Suppose -b - 5 = -2*b. Suppose -b*q = -185 - 50. Suppose 5*i - q = 3*c + 242, 0 = 